{"id":2,"date":"2023-07-14T16:57:52","date_gmt":"2023-07-14T14:57:52","guid":{"rendered":"https:\/\/www.ozmada.sk\/?page_id=2"},"modified":"2024-09-26T14:30:48","modified_gmt":"2024-09-26T12:30:48","slug":"ukazkova-stranka","status":"publish","type":"page","link":"https:\/\/www.ozmada.sk\/","title":{"rendered":"\u00davod"},"content":{"rendered":"<div class=\"page-content\">\n<h4>&nbsp;<\/h4>\n<h4 class=\"bigbold dblue\"><strong><img loading=\"lazy\" decoding=\"async\" class=\"alignnone wp-image-159 size-large\" src=\"https:\/\/www.ozmada.sk\/wp-content\/uploads\/2023\/08\/psy02-1024x395.jpg\" alt=\"\" width=\"660\" height=\"255\" srcset=\"https:\/\/www.ozmada.sk\/wp-content\/uploads\/2023\/08\/psy02-1024x395.jpg 1024w, https:\/\/www.ozmada.sk\/wp-content\/uploads\/2023\/08\/psy02-300x116.jpg 300w, https:\/\/www.ozmada.sk\/wp-content\/uploads\/2023\/08\/psy02-768x296.jpg 768w, https:\/\/www.ozmada.sk\/wp-content\/uploads\/2023\/08\/psy02-1536x592.jpg 1536w, https:\/\/www.ozmada.sk\/wp-content\/uploads\/2023\/08\/psy02.jpg 1800w\" sizes=\"auto, (max-width: 660px) 100vw, 660px\" \/><\/strong><\/h4>\n<h4 class=\"bigbold dblue\"><strong>MADA mosz &#8211; IAA na Slovensku<\/strong><\/h4>\n<hr class=\"wp-block-separator\">\n<p><strong>Vznik n\u00e1\u0161ho zdru\u017eenia je v\u00fdsledkom poctiv\u00fdch chovate\u013eov na Slovensku, ktor\u00fdm z\u00e1le\u017e\u00ed na tom, aby spolo\u010densk\u00e9 zvierat\u00e1 v \u017eili v kvalitn\u00fdch podmienkach, \u010di\u017ee WELFARE a kladieme ve\u013ek\u00fd d\u00f4raz na zdravie a zdravotn\u00fdch stav zvierat ktor\u00e9 sa pou\u017e\u00edvaj\u00fa na chov ale aj mimo chovu.<\/strong><\/p>\n<hr class=\"wp-block-separator\">\n<div class=\"wp-block-columns has-2-columns is-layout-flex wp-container-3\">\n<div class=\"wp-block-column is-layout-flow\">\n<p>Na\u0161e zdru\u017eenie sa zaober\u00e1 usporiadan\u00fdm klubov\u00fdch, n\u00e1rodn\u00fdch, medzin\u00e1rodn\u00fdch, ale aj \u0161peci\u00e1lnych pracovn\u00fdch zrazov kynol\u00f3gov. Na\u0161e zdru\u017eenie akceptuje na v\u00fdstav\u00e1ch rodokmene v\u0161etk\u00fdch organiz\u00e1ci\u00ed, ktor\u00e9 s\u00fa riadne zaregistrovan\u00e9 a maj\u00fa pridelen\u00e9 identifika\u010dn\u00e9 \u010d\u00edslo. Zdru\u017eenie MADA m\u00e1 za to, \u017ee v\u00fdstavy psov a in\u00fdch spolo\u010densk\u00fdch zvierat s\u00fa predov\u0161etk\u00fdm o zvierat\u00e1ch a nie o organiz\u00e1ci\u00e1ch.<\/p>\n<\/div>\n<div class=\"wp-block-column is-layout-flow\">\n<p>Sna\u017e\u00edme sa o poctiv\u00fa zdrav\u00fa plemenitbu uznan\u00fdch ale aj novovznikaj\u00facich alternat\u00edvnych neuznan\u00fdch plemien, ktor\u00e9 len \u010dakaj\u00fa na svoje presadenie sa a plne ich podporujeme. Sme otvoren\u00fd k spolupr\u00e1ci s \u010fal\u0161\u00edmi organiz\u00e1ciami a klubmi. Na\u0161im \u010dlenom sa m\u00f4\u017ee sta\u0165 ktoko\u013evek z cel\u00e9ho sveta ako osoba alebo chovate\u013esk\u00fd spolok \u010di klub. Ve\u013emi radi priv\u00edtame nov\u00fdch \u010dlenov, ktor\u00fdm z\u00e1le\u017e\u00ed na chove tak ako n\u00e1m a te\u0161\u00edme sa na spolupr\u00e1cu.<\/p>\n<\/div>\n<\/div>\n<\/div>\n","protected":false},"excerpt":{"rendered":"<p>&nbsp; MADA mosz &#8211; IAA na Slovensku Vznik n\u00e1\u0161ho zdru\u017eenia je v\u00fdsledkom poctiv\u00fdch chovate\u013eov na Slovensku, ktor\u00fdm z\u00e1le\u017e\u00ed na tom, aby spolo\u010densk\u00e9 zvierat\u00e1 v \u017eili v kvalitn\u00fdch podmienkach, \u010di\u017ee WELFARE a kladieme ve\u013ek\u00fd d\u00f4raz na zdravie a zdravotn\u00fdch stav zvierat ktor\u00e9 sa pou\u017e\u00edvaj\u00fa na chov ale aj mimo chovu. Na\u0161e zdru\u017eenie sa zaober\u00e1 usporiadan\u00fdm klubov\u00fdch, &hellip; <a href=\"https:\/\/www.ozmada.sk\/\" class=\"more-link\">Pokra\u010dova\u0165 v \u010d\u00edtan\u00ed: <span class=\"screen-reader-text\">\u00davod<\/span><\/a><\/p>\n","protected":false},"author":1,"featured_media":0,"parent":0,"menu_order":0,"comment_status":"closed","ping_status":"open","template":"","meta":{"ngg_post_thumbnail":0,"footnotes":""},"class_list":["post-2","page","type-page","status-publish","hentry"],"aioseo_notices":[],"_links":{"self":[{"href":"https:\/\/www.ozmada.sk\/index.php\/wp-json\/wp\/v2\/pages\/2","targetHints":{"allow":["GET"]}}],"collection":[{"href":"https:\/\/www.ozmada.sk\/index.php\/wp-json\/wp\/v2\/pages"}],"about":[{"href":"https:\/\/www.ozmada.sk\/index.php\/wp-json\/wp\/v2\/types\/page"}],"author":[{"embeddable":true,"href":"https:\/\/www.ozmada.sk\/index.php\/wp-json\/wp\/v2\/users\/1"}],"replies":[{"embeddable":true,"href":"https:\/\/www.ozmada.sk\/index.php\/wp-json\/wp\/v2\/comments?post=2"}],"version-history":[{"count":10,"href":"https:\/\/www.ozmada.sk\/index.php\/wp-json\/wp\/v2\/pages\/2\/revisions"}],"predecessor-version":[{"id":409,"href":"https:\/\/www.ozmada.sk\/index.php\/wp-json\/wp\/v2\/pages\/2\/revisions\/409"}],"wp:attachment":[{"href":"https:\/\/www.ozmada.sk\/index.php\/wp-json\/wp\/v2\/media?parent=2"}],"curies":[{"name":"wp","href":"https:\/\/api.w.org\/{rel}","templated":true}]}}